 the prime factors of 4899448679?
5903, 829993
What are the prime factors of 5391612816?
2, 3, 173, 649279
List the prime factors of 229096003.
1613, 142031
List the prime factors of 11857695.
3, 5, 790513
List the prime factors of 657255294.
2, 3, 211, 173053
What are the prime factors of 50187355?
5, 37, 67, 4049
What are the prime factors of 50986439?
7, 7283777
List the prime factors of 873484928.
2, 6824101
List the prime factors of 67374708.
2, 3, 1291, 4349
List the prime factors of 1223427644.
2, 17, 37, 433, 1123
List the prime factors of 649246319.
439, 1478921
What are the prime factors of 831640475?
5, 89, 139, 2689
What are the prime factors of 518513369?
11, 467, 100937
What are the prime factors of 114005912?
2, 41, 347579
What are the prime factors of 429469643?
429469643
What are the prime factors of 1678981038?
2, 3, 7, 39975739
What are the prime factors of 356811401?
163, 2189027
List the prime factors of 2394262010.
2, 5, 7, 19, 257171
What are the prime factors of 1525327371?
3, 169480819
What are the prime factors of 1272301058?
2, 7, 571, 159157
What are the prime factors of 733028487?
3, 769, 317741
What are the prime factors of 1797809927?
23, 78165649
What are the prime factors of 356580778?
2, 59, 3021871
List the prime factors of 372717213.
3, 11, 11294461
What are the prime factors of 1564840949?
7, 23, 281, 34589
List the prime factors of 98633070.
2, 3, 5, 433, 2531
List the prime factors of 223666638.
2, 3, 13, 383, 7487
List the prime factors of 280404355.
5, 7, 11, 157, 4639
List the prime factors of 882010564.
2, 71, 1321, 2351
List the prime factors of 978857004.
2, 3, 239, 341303
What are the prime factors of 209404142?
2, 113, 926567
List the prime factors of 27795073.
461, 60293
List the prime factors of 2675213731.
97, 27579523
What are the prime factors of 96899230?
2, 5, 23, 601, 701
List the prime factors of 2960656897.
11, 269150627
List the prime factors of 79114789.
13, 41, 151, 983
List the prime factors of 29243578.
2, 7, 13, 41, 3919
What are the prime factors of 46881775?
5, 37, 50683
What are the prime factors of 81401155?
5, 11, 1480021
What are the prime factors of 46654726?
2, 23327363
What are the prime factors of 155835001?
7, 22262143
List the prime factors of 13029444.
2, 3, 223, 541
What are the prime factors of 53080392?
2, 3, 17, 130099
What are the prime factors of 443004791?
43, 587, 17551
List the prime factors of 87055562.
2, 11, 47, 59, 1427
What are the prime factors of 944172595?
5, 188834519
List the prime factors of 109928853.
3, 4071439
What are the prime factors of 16641442?
2, 2729, 3049
List the prime factors of 403945024.
2, 7, 17, 7577
List the prime factors of 2084198862.
2, 3, 347366477
List the prime factors of 33640769.
33640769
List the prime factors of 943184757.
3, 19, 2251, 7351
What are the prime factors of 824350532?
2, 907, 227219
List the prime factors of 661275972.
2, 3, 7, 229, 1637
What are the prime factors of 77767166?
2, 2579, 15077
What are the prime factors of 45721045?
5, 9144209
What are the prime factors of 202377168?
2, 3, 7, 200771
List the prime factors of 102474952.
2, 331, 38699
What are the prime factors of 4028093414?
2, 503, 4004069
What are the prime factors of 2358819250?
2, 5, 347, 27191
What are the prime factors of 238575774?
2, 3, 39762629
List the prime factors of 4339666890.
2, 3, 5, 13, 3709117
What are the prime factors of 83217857?
31, 43, 163, 383
List the prime factors of 26026874.
2, 13013437
What are the prime factors of 88807715?
5, 23, 29, 31, 859
What are the prime factors of 690999888?
2, 3, 127, 263, 431
What are the prime factors of 707847495?
3, 5, 47, 239, 4201
What are the prime factors of 170749274?
2, 29, 887, 3319
List the prime factors of 126359222.
2, 11, 5743601
List the prime factors of 273544668.
2, 3, 1361, 1861
List the prime factors of 40458050.
2, 5, 691, 1171
What are the prime factors of 30265081?
7, 11, 19, 137, 151
List the prime factors of 535168329.
3, 67, 73, 36473
List the prime factors of 43666181.
13, 3358937
List the prime factors of 2319849503.
499, 4648997
List the prime factors of 111388750.
2, 5, 11, 8101
List the prime factors of 19168896.
2, 3, 49919
List the prime factors of 45064356.
2, 3, 139, 27017
List the prime factors of 31588214.
2, 7, 809, 2789
List the prime factors of 52874628.
2, 3, 37, 119087
List the prime factors of 2548136173.
11, 53, 4370731
List the prime factors of 117832665.
3, 5, 71, 110641
List the prime factors of 128942626.
2, 19, 3393227
List the prime factors of 185013189.
3, 797, 25793
What are the prime factors of 511336737?
3, 277, 443, 463
List the prime factors of 24844571.
19, 269, 4861
List the prime factors of 538349561.
1289, 417649
What are the prime factors of 427165081?
7, 5519, 11057
What are the prime factors of 106719708?
2, 3, 8893309
List the prime factors of 2334987992.
2, 199, 1466701
What are the prime factors of 23153837?
7, 19, 107, 1627
What are the prime factors of 3660552419?
23, 151, 1054003
What are the prime factors of 3197247228?
2, 3, 7, 469907
What are the prime factors of 3821221363?
3821221363
What are the prime factors of 4963231?
7, 13, 54541
What are the prime factors of 1078077563?
1078077563
List the prime factors of 329584084.
2, 251, 328271
What are the prime factors of 239481784?
2, 29935223
What are the prime factors of 237110111?
7, 61, 555293
List the prime factors of 453019538.
2, 6043, 37483
What are the prime factors of 402544464?
2, 3, 7, 1198049
What are the prime factors of 1165393118?
2, 23, 25334633
List the prime factors of 699617267.
43, 2161, 7529
What are the prime factors of 2707308557?
2203, 1228919
List the prime factors of 77949770.
2, 5, 7794977
What are the prime factors of 609727941?
3, 463, 146323
List the prime factors of 33784584.
2, 3, 19, 43, 1723
List the prime factors of 942476517.
3, 467, 224239
What are the prime factors of 550824257?
349, 1578293
List the prime factors of 86945341.
7, 163, 181, 421
List the prime factors of 127453733.
11, 71, 163193
List the prime factors of 978455054.
2, 489227527
List the prime factors of 465076895.
5, 93015379
What are the prime factors of 29505652?
2, 11, 670583
List the prime factors of 505460603.
505460603
List the prime factors of 2781621961.
2781621961
List the prime factors of 51800004.
2, 3, 19, 75731
List the prime factors of 2415632315.
5, 151, 1399, 2287
List the prime factors of 200795555.
5, 40159111
What are the prime factors of 2635278455?
5, 53, 947, 10501
What are the prime factors of 54282776?
2, 6785347
What are the prime factors of 109011304?
2, 13626413
What are the prime factors of 1808626248?
2, 3, 11, 13, 175663
What are the prime factors of 33645443?
13, 563, 4597
List the prime factors of 32157353.
17, 47, 167, 241
List the prime factors of 547967167.
11, 49815197
What are the prime factors of 1241658525?
3, 5, 1873, 8839
List the prime factors of 2013722116.
2, 7, 659, 109133
What are the prime factors of 32298136?
2, 13, 310559
What are the prime factors of 1915387330?
2, 5, 23, 127, 2851
List the prime factors of 5013486699.
3, 13, 19, 787, 8597
List the prime factors of 6378828689.
17, 375225217
List the prime factors of 299553290.
2, 5, 29955329
List the prime factors of 49013939.
13, 19, 198437
List the prime factors of 25940166.
2, 3, 7, 431, 1433
List the prime factors of 415267028.
2, 11, 2557, 3691
What are the prime factors of 405364227?
3, 2647, 51047
What are the prime factors of 58884628?
2, 11, 397, 3371
What are the prime factors of 61624365?
3, 5, 11, 131, 2851
List the prime factors of 264326094.
2, 3, 14684783
What are the prime factors of 451207171?
137, 421, 7823
List the prime factors of 21296440.
2, 5, 11, 29, 1669
What are the prime factors of 2598090595?
5, 20071, 25889
What are the prime factors of 34070967?
3, 7, 540809
List the prime factors of 172622205.
3, 5, 7, 37, 4937
List the prime factors of 24765500.
2, 5, 49531
List the prime factors of 5398479692.
2, 83, 503, 32327
List the prime factors of 252666887.
11, 41, 560237
What are the prime factors of 28104384?
2, 3, 7, 11, 1901
List the prime factors of 27032964.
2, 3, 7, 321821
What are the prime factors of 168377946?
2, 3, 11, 953, 2677
W